*i**2 + 3*i**2 - 10*i. Let d(o) = 9*o**2 + 5*o + 7. Let m(r) = 4*d(r) - 5*u(r). Give m(6).
9
Let a(b) = 6*b - 5*b - 36*b**2 - 30 - 16*b + 35*b**2. Determine a(-13).
-4
Let t(p) = p**3 + 2*p**2 - 11*p - 13. Let j be 15/(-12)*4 + 1. Determine t(j).
-1
Let o(c) = c**3 - 10*c**2 - 7*c - 48. Let w = -1527 - -1538. Give o(w).
-4
Let k(m) = -537*m - 7*m**2 + 12*m**2 - m**2 - 9 + m**3 + 531*m - 3*m**2. What is k(-3)?
-9
Let m(a) be the third derivative of -a**9/60480 + a**8/6720 + a**7/2520 + 11*a**5/10 - 2*a**2 - 5*a. Let i(y) be the third derivative of m(y). Determine i(4).
-8
Let m = 89 + -85. Suppose 7*t = 6*t + m. Let l(f) = 2*f**2 - 4*f - 4. Calculate l(t).
12
Let w(a) = -a + 32. Let o(r) = -11*r + 182. Let l(n) = -o(n) + 5*w(n). Calculate l(3).
-4
Let f(b) = -30*b + 10*b**2 - 44*b + 124611 - 124590. What is f(7)?
-7
Suppose c + 16*c = 952. Suppose 8*v + c = v. Let w(q) = -3*q - 5. Let b(j) = -j. Let t(a) = -2*b(a) + w(a). Give t(v).
3
Suppose -53 = -97*q + 238. Let l(j) = 2*j**3 - 9*j**2 + 2*j + 10. What is l(q)?
-11
Let d(i) = 1137*i - 3408. Let f be d(3). Let c(x) = -3*x - 7. Let a(b) = b + 4. Let u = 0 - 2. Let o(t) = u*c(t) - 5*a(t). Determine o(f).
-3
Suppose 22*y - 6*y - 13 = -13. Let k(s) = -s**2 + 14*s + 8. Determine k(y).
8
Let s(t) = 9*t**3 + 2*t**3 + 17*t**3 + 52 - 53 + 12*t**3. What is s(-1)?
-41
Let b(z) = 13*z**2 - 59*z**2 - 40 + 48*z**2 - 65*z. Give b(33).
-7
Let v(n) = 3*n**2 - 4*n + 3. Let y be (-24)/(-204) - 320/(-170). Determine v(y).
7
Suppose 0 = 30*q - 26*q + 24. Let k(y) = -515*y - y**2 + 1029*y - 6 - 522*y. Determine k(q).
6
Let z(f) = -f**2 - 5. Let r(n) = -5*n - 29. Let c be r(-7). Let w be (-1)/c + (-93)/(-18). Suppose b - 10 = -2*a - 3*a, 0 = -2*b - w*a + 10. What is z(b)?
-5
Let d = 9 - 4. Suppose 12 = -3*q - 5*t - 10, -3*t - 42 = d*q. Let j(u) be the second derivative of u**3/6 + 11*u**2/2 - 1446*u. Determine j(q).
2
Let k(l) = l**2 + 6*l - 4. Let i(y) = -3*y**3 - y**2 - y - 1. Let n be 2 - (1 - 6/(-3)). Let o be i(n). Suppose 21 = -t + o*p + p, 5*p = -2*t + 13. Give k(t).
-4
Suppose -3*r + z - 39 = 0, z + 32 = 2*r + 58. Let x(t) = t**3 + 14*t**2 + 15*t + 9. Calculate x(r).
-17
Let o(l) = 12*l**2 - 1. Let c be o(-1). Suppose c = -i + u, -i - 5*u + 16 = 3. Let m(f) = 167*f - f**2 - 91*f - 84*f + 1. Give m(i).
8
Let g be (-582)/8 - (216/(-32) - -7). Let q = -90 - g. Let w(l) = -l**2 - 16*l + 21. Calculate w(q).
4
Let s(y) = -y**3 - y**2 + y + 4. Suppose 13*x - 4*x = -17*x. Let w be (-1 - -1)/(1 + x). Determine s(w).
4
Let j(g) be the first derivative of g**2/2 - 82. Let d(n) = -n**2 + 12*n + 1. Let x(h) = -2*h**2 + 4*h. Let w be x(3). Let q(p) = w*j(p) + d(p). Determine q(5).
6
Let s(l) be the first derivative of -l**2 - 13*l - 809. What is s(-5)?
-3
Suppose 4*a = 4*z, 2*a + 30 = -4*z - 0*z. Let o(y) = 10*y + 12*y + 6*y - 27*y. Determine o(z).
-5
Suppose -t - 5*f = -7, -3*t - 79*f + 75*f + 10 = 0. Let u(z) = -11081*z + 5539*z + t + 5544*z. Let n = -2 - -4. What is u(n)?
6
Let o(v) = -5*v**3 - 4*v**2 + 9 - 3*v**3 + 9*v**3 - 40*v + 40*v. What is o(4)?
9
Let o(d) = -2*d**3 - 21*d**2 - 18*d - 21. Let n(z) = -z**3 - z**2. Let s(w) = -3*n(w) + o(w). Suppose -11*p - 665 = -46*p. Determine s(p).
-2
Let n = -25 + 41. Suppose -n*r - 2 = -17*r. Suppose v + 22 = 4*f, 4*v + 2*f - 12 = -r*f. Let p(q) = -2*q**2 - q - 1. Determine p(v).
-7
Let d(h) = 4*h + 0 - 3 - 2. Let k = -17965 - -17969. What is d(k)?
11
Let r be 14/21 + 2*(-172)/(-24). Suppose -r*b = 9*b + 168. Let m(x) = -x**3 - 8*x**2 - 8*x - 1. Give m(b).
6
Let h = 101 - 97. Let a(p) = 6*p**2 + 8*p + 12. Let y(z) = 5*z**2 + 7*z + 9. Let l(n) = h*a(n) - 5*y(n). Calculate l(4).
-25
Suppose 0 = -2*o + 3 - 1. Let h(c) = -1 + 440*c**3 - 172*c**3 + c - 116*c**3 - 169*c**3. Give h(o).
-17
Let u(q) = q**3 + 8*q**2 - 19*q + 3. Let s = 23083 - 23093. What is u(s)?
-7
Let b(k) = -3*k**3 - 39*k**2 - k. Let t(o) = -o**3 - 12*o**2. Let m(g) = 2*b(g) - 7*t(g). Determine m(-7).
-35
Let u(k) = -k**2 + 17*k + 24. Suppose 22*y - 1680 + 1218 = 0. Determine u(y).
-60
Let i = 65 + -56. Suppose 2*u - 11 = -i. Let t(w) = -u + 2 + 1 - 2*w + 6. Calculate t(7).
-6
Suppose 2*s - 23 - 187 = 5*b, -75 = -s - 5*b. Let k = 185 - s. Let m = 91 - k. Let o(q) = 3*q. Determine o(m).
3
Let u = 8846 + -8848. Let f(j) = 6*j + 7. What is f(u)?
-5
Let k(u) = -2*u**2 + 2*u - 2 + 4 + 2. Suppose 36381 = 146*w + 35797. Calculate k(w).
-20
Let x be ((-18)/4)/(9/(-18)). Suppose -15 - x = -4*r. Let o(k) = r + k**2 + k - 7 - 3*k**2. Calculate o(1).
-2
Let t(b) be the second derivative of -b**3/6 + 3*b**2 + 8*b. Let c be 1/(-3) + (-49)/(-21). Suppose 4*u + y - 32 = 0, -3*u - c = -u - 4*y. Give t(u).
-1
Suppose 0*t = -a - 4*t + 9, -18 = 4*a - 2*t. Let m be 4/5 + a/(-15). Let p(l) = -5217*l**3 + 10465*l**3 - 1 - 5247*l**3. What is p(m)?
0
Let d(y) = 379*y - 2*y**2 + 4 + 8*y**3 - 196*y - 7*y**3 - 184*y - 7. Let a = 7 - 3. Give d(a).
25
Let q(z) = -6*z + 652. Let r be q(108). Let g(s) = 2*s - 7. Determine g(r).
1
Suppose -5*j + 76*j = -139*j - 3780. Let g(t) = t**3 + 19*t**2 + 19*t + 30. What is g(j)?
12
Let c(m) be the second derivative of 13*m + 0 + 1/20*m**5 - 2/3*m**4 + 5/2*m**2 + 2/3*m**3. Suppose 4*v + v = 35. Calculate c(v).
-16
Let d(o) = -o**3 - 24*o**2 - 23*o - 13. Let h be (1408/72 - 17)*-9. Give d(h).
-13
Let s = 106 + -104. Let i(y) = -7 + s*y + 3 - y**2 + 3*y**2 + 0*y. Suppose 0*q - 9 = 3*q. Determine i(q).
8
Let h be 66/(4/2)*(19 + -20). Let a = -27 - h. Let v(o) = -3*o**2 - 3 - 7*o**2 + a*o + 3*o**2 + 6*o**2. Give v(4).
5
Let s(c) = 2*c - 14. Let w = -256 - -262. What is s(w)?
-2
Let l be (1*2)/(2/7). Let c(o) be the first derivative of -o**2/2 + 14*o + 17186. What is c(l)?
7
Let h be 5 - 2 - 10/2. Let a(n) be the first derivative of 5*n**2 + n - 203. Determine a(h).
-19
Let d(z) = z**2 + 16*z + 5. Let s = 47 + -61. Calculate d(s).
-23
Let w(p) = -2*p**3 + p**2 - p. Let u(l) = 13*l**3 - 11*l**2 - 4*l + 1. Let v(q) = u(q) + 6*w(q). Give v(6).
-23
Let g(y) = y**3 + 6*y**2 + 6*y + 9. Suppose 142 + 117 = -79*i + 22. Give g(i).
18
Suppose -3*b = 16*t - 11*t - 12, -3*t = 0. Suppose -v = 4*l - 26, -6*v + 4*v = -b. Let o(w) = w**2 - 7*w + 12. Calculate o(l).
6
Let x = 95 + -67. Suppose 21 = 4*i - 3*v - 7, 0 = 2*i - 5*v - x. Let d(q) = -3 - 2*q**2 + 96534*q - q**2 + 5 + 2*q**2 - 96532*q. What is d(i)?
-6
Let c(b) be the first derivative of -b**5/40 + b**4/8 - 109*b**3/3 - 133. Let k(o) be the third derivative of c(o). Determine k(-4).
15
Let s(u) = 4*u + 5. Let b = 23 - -11. Suppose -b*h + 27*h = 7. Let j be h*4 - (3 + (6 - 19)). Determine s(j).
29
Let z(a) be the second derivative of -1 + 5/2*a**2 - 1/6*a**3 + 2*a. Calculate z(4).
1
Let a(r) = -181*r**2 + 8 - 18*r - 7*r**3 + r**3 + 200*r**2 + 5*r**3. Calculate a(18).
8
Let c = -80 - -90. Suppose 22*d = c*d + 36. Suppose -19 = 3*n - 4*i, -n + 0*n - 2 = d*i. Let g(r) = -r + 5. What is g(n)?
10
Let d(t) be the second derivative of -t**3/3 + 4*t**2 + 398*t. Determine d(-12).
32
Let m(j) = -196*j**2 + 197*j**2 + 2*j - 1 - 1. Let n(p) = -13*p + 1. Let c be n(-6). Let h = -82 + c. Calculate m(h).
1
Let b = -406 - -845. Let g = b - 439. Let d(u) = u**2 - u + 29. Determine d(g).
29
Suppose 7 - 11 = -4*k - f, 4*k - 3*f + 12 = 0. Let r(t) = t**2 + t - 11. Give r(k).
-11
Let b(f) = 23 + 5 + 11*f + 15*f + 4*f - 25*f. Determine b(-17).
-57
Suppose -4*p + 5 = 3*u + 13, 2*u = -4*p - 4. Let r(m) be the third derivative of m**6/120 + m**5/12 + m**4/6 - m**3/2 + 46*m**2. Give r(u).
-3
Let f(p) be the first derivative of -p**3/3 - 7*p**2/2 + 6*p - 5. Let a = 47 + -56. Give f(a).
-12
Let b(d) be the second derivative of -d**5/20 + 3*d**4/4 - 7*d**3/6 - 3*d**2/2 - d. Suppose -4*p + 47 = 19, -4*p = 2*o - 44. Give b(o).
5
Let d(h) be the second derivative of -h**5/60 + 3*h**4/8 + h**3/2 - 11*h**2/2 - 96*h. Let w(s) be the first derivative of d(s). Calculate w(9).
3
Let s(v) = 5*v + 3. Let l(t) be the second derivative of 2*t**3/3 + 3*t**2/2 - 3*t. Let w(m) = 3*l(m) - 2*s(m). Let f = -75 - -80. Give w(f).
13
Let m(s) be the first derivative of -s**4/2 - 17*s**3 - 12*s**2 + 29*s - 1455. Give m(-25).
4
Suppose -5*b + 127 - 28 = -4*i, 3*i = 3*b - 69. Let a(m) = -2*m - 24. What is a(i)?
8
Let m(q) = 5*q + 103. Let j be m(0). Let a(k) = -6*k**2 - 209 + j + 108. Calculate a(2).
-22
Let w(s) = -7 